{"id":4122,"date":"2016-08-24T22:29:04","date_gmt":"2016-08-24T22:29:04","guid":{"rendered":"https:\/\/b-tech.pt\/?post_type=product&#038;p=4122"},"modified":"2023-01-29T17:24:09","modified_gmt":"2023-01-29T17:24:09","slug":"4122","status":"publish","type":"product","link":"https:\/\/www.b-tech.pt\/index.php\/product\/4122\/","title":{"rendered":""},"content":{"rendered":"<p>Ecoponto\u00a0 Ref. Eco3<\/p>\n<p>Medida por contentor<\/p>\n<p>A800x\u00d8500mm<\/p>\n<p>Eco de grande capacidade em Inox<\/p>\n<p>( Tipo centro comercial )<\/p>\n<p>Ecoponto de 3 entradas de reciclagem selectiva, totalmente constru\u00eddo em a\u00e7o inox AISI 304 com espessura 1mmLetring em vinil de cada reciclagem selectivaEstrutura em var\u00e3o no interior para suspender os sacos pl\u00e1sticos Apoios de borracha ao solo na parte inferior do ecoponto.<\/p>\n","protected":false},"excerpt":{"rendered":"<p>Ecoponto\u00a0 Ref. Eco3 Medida por contentor A800x\u00d8500mm Eco de grande capacidade em Inox ( Tipo centro comercial ) Ecoponto de<\/p>\n","protected":false},"featured_media":8905,"comment_status":"closed","ping_status":"closed","template":"","meta":[],"product_cat":[741,749],"product_tag":[494,489],"class_list":["post-4122","product","type-product","status-publish","has-post-thumbnail","hentry","product_cat-diversos-mobiliario-2","product_cat-eco-diversos-mobiliario-2","product_tag-eco-pontos","product_tag-lixo"],"yoast_head":"<!-- This site is optimized with the Yoast SEO plugin v20.1 - https:\/\/yoast.com\/wordpress\/plugins\/seo\/ -->\n<title>- Officeplan Store<\/title>\n<meta name=\"robots\" content=\"index, follow, max-snippet:-1, max-image-preview:large, max-video-preview:-1\" \/>\n<link rel=\"canonical\" href=\"https:\/\/www.b-tech.pt\/index.php\/product\/4122\/\" \/>\n<meta property=\"og:locale\" content=\"en_US\" \/>\n<meta property=\"og:type\" content=\"article\" \/>\n<meta property=\"og:title\" content=\"- Officeplan Store\" \/>\n<meta property=\"og:description\" content=\"Ecoponto\u00a0 Ref. Eco3 Medida por contentor A800x\u00d8500mm Eco de grande capacidade em Inox ( Tipo centro comercial ) Ecoponto de\" \/>\n<meta property=\"og:url\" content=\"https:\/\/www.b-tech.pt\/index.php\/product\/4122\/\" \/>\n<meta property=\"og:site_name\" content=\"Officeplan Store\" \/>\n<meta property=\"article:modified_time\" content=\"2023-01-29T17:24:09+00:00\" \/>\n<meta name=\"twitter:card\" content=\"summary_large_image\" \/>\n<script type=\"application\/ld+json\" class=\"yoast-schema-graph\">{\"@context\":\"https:\/\/schema.org\",\"@graph\":[{\"@type\":\"WebPage\",\"@id\":\"https:\/\/www.b-tech.pt\/index.php\/product\/4122\/\",\"url\":\"https:\/\/www.b-tech.pt\/index.php\/product\/4122\/\",\"name\":\"- Officeplan Store\",\"isPartOf\":{\"@id\":\"https:\/\/www.b-tech.pt\/#website\"},\"datePublished\":\"2016-08-24T22:29:04+00:00\",\"dateModified\":\"2023-01-29T17:24:09+00:00\",\"breadcrumb\":{\"@id\":\"https:\/\/www.b-tech.pt\/index.php\/product\/4122\/#breadcrumb\"},\"inLanguage\":\"en-US\",\"potentialAction\":[{\"@type\":\"ReadAction\",\"target\":[\"https:\/\/www.b-tech.pt\/index.php\/product\/4122\/\"]}]},{\"@type\":\"BreadcrumbList\",\"@id\":\"https:\/\/www.b-tech.pt\/index.php\/product\/4122\/#breadcrumb\",\"itemListElement\":[{\"@type\":\"ListItem\",\"position\":1,\"name\":\"Home\",\"item\":\"https:\/\/www.b-tech.pt\/\"},{\"@type\":\"ListItem\",\"position\":2,\"name\":\"Shop\",\"item\":\"https:\/\/www.b-tech.pt\/index.php\/shop\/\"}]},{\"@type\":\"WebSite\",\"@id\":\"https:\/\/www.b-tech.pt\/#website\",\"url\":\"https:\/\/www.b-tech.pt\/\",\"name\":\"Officeplan Store\",\"description\":\"\",\"potentialAction\":[{\"@type\":\"SearchAction\",\"target\":{\"@type\":\"EntryPoint\",\"urlTemplate\":\"https:\/\/www.b-tech.pt\/?s={search_term_string}\"},\"query-input\":\"required name=search_term_string\"}],\"inLanguage\":\"en-US\"}]}<\/script>\n<!-- \/ Yoast SEO plugin. -->","yoast_head_json":{"title":"- Officeplan Store","robots":{"index":"index","follow":"follow","max-snippet":"max-snippet:-1","max-image-preview":"max-image-preview:large","max-video-preview":"max-video-preview:-1"},"canonical":"https:\/\/www.b-tech.pt\/index.php\/product\/4122\/","og_locale":"en_US","og_type":"article","og_title":"- Officeplan Store","og_description":"Ecoponto\u00a0 Ref. Eco3 Medida por contentor A800x\u00d8500mm Eco de grande capacidade em Inox ( Tipo centro comercial ) Ecoponto de","og_url":"https:\/\/www.b-tech.pt\/index.php\/product\/4122\/","og_site_name":"Officeplan Store","article_modified_time":"2023-01-29T17:24:09+00:00","twitter_card":"summary_large_image","schema":{"@context":"https:\/\/schema.org","@graph":[{"@type":"WebPage","@id":"https:\/\/www.b-tech.pt\/index.php\/product\/4122\/","url":"https:\/\/www.b-tech.pt\/index.php\/product\/4122\/","name":"- Officeplan Store","isPartOf":{"@id":"https:\/\/www.b-tech.pt\/#website"},"datePublished":"2016-08-24T22:29:04+00:00","dateModified":"2023-01-29T17:24:09+00:00","breadcrumb":{"@id":"https:\/\/www.b-tech.pt\/index.php\/product\/4122\/#breadcrumb"},"inLanguage":"en-US","potentialAction":[{"@type":"ReadAction","target":["https:\/\/www.b-tech.pt\/index.php\/product\/4122\/"]}]},{"@type":"BreadcrumbList","@id":"https:\/\/www.b-tech.pt\/index.php\/product\/4122\/#breadcrumb","itemListElement":[{"@type":"ListItem","position":1,"name":"Home","item":"https:\/\/www.b-tech.pt\/"},{"@type":"ListItem","position":2,"name":"Shop","item":"https:\/\/www.b-tech.pt\/index.php\/shop\/"}]},{"@type":"WebSite","@id":"https:\/\/www.b-tech.pt\/#website","url":"https:\/\/www.b-tech.pt\/","name":"Officeplan Store","description":"","potentialAction":[{"@type":"SearchAction","target":{"@type":"EntryPoint","urlTemplate":"https:\/\/www.b-tech.pt\/?s={search_term_string}"},"query-input":"required name=search_term_string"}],"inLanguage":"en-US"}]}},"_links":{"self":[{"href":"https:\/\/www.b-tech.pt\/index.php\/wp-json\/wp\/v2\/product\/4122","targetHints":{"allow":["GET"]}}],"collection":[{"href":"https:\/\/www.b-tech.pt\/index.php\/wp-json\/wp\/v2\/product"}],"about":[{"href":"https:\/\/www.b-tech.pt\/index.php\/wp-json\/wp\/v2\/types\/product"}],"replies":[{"embeddable":true,"href":"https:\/\/www.b-tech.pt\/index.php\/wp-json\/wp\/v2\/comments?post=4122"}],"version-history":[{"count":1,"href":"https:\/\/www.b-tech.pt\/index.php\/wp-json\/wp\/v2\/product\/4122\/revisions"}],"predecessor-version":[{"id":9159,"href":"https:\/\/www.b-tech.pt\/index.php\/wp-json\/wp\/v2\/product\/4122\/revisions\/9159"}],"wp:featuredmedia":[{"embeddable":true,"href":"https:\/\/www.b-tech.pt\/index.php\/wp-json\/wp\/v2\/media\/8905"}],"wp:attachment":[{"href":"https:\/\/www.b-tech.pt\/index.php\/wp-json\/wp\/v2\/media?parent=4122"}],"wp:term":[{"taxonomy":"product_cat","embeddable":true,"href":"https:\/\/www.b-tech.pt\/index.php\/wp-json\/wp\/v2\/product_cat?post=4122"},{"taxonomy":"product_tag","embeddable":true,"href":"https:\/\/www.b-tech.pt\/index.php\/wp-json\/wp\/v2\/product_tag?post=4122"}],"curies":[{"name":"wp","href":"https:\/\/api.w.org\/{rel}","templated":true}]}}