{"id":4324,"date":"2016-08-30T14:19:27","date_gmt":"2016-08-30T14:19:27","guid":{"rendered":"https:\/\/b-tech.pt\/?post_type=product&#038;p=4324"},"modified":"2023-01-29T17:24:48","modified_gmt":"2023-01-29T17:24:48","slug":"modulo-normal","status":"publish","type":"product","link":"https:\/\/www.b-tech.pt\/index.php\/product\/modulo-normal\/","title":{"rendered":"M\u00f3dulo Normal"},"content":{"rendered":"<p>M\u00f3dulo normal<\/p>\n<p>Medidas dispon\u00edveis:<\/p>\n<p>Altura: \u00a02000<\/p>\n<p>Prateleiras: 220 \/ 330 \/ 440<\/p>\n<p>Comprimento: 280 \/ 330 \/ 500 \/ 630 \/ 750 \/ 830 \/ 930 \/ 1000 \/ 1250<\/p>\n","protected":false},"excerpt":{"rendered":"<p>M\u00f3dulo normal Medidas dispon\u00edveis: Altura: \u00a02000 Prateleiras: 220 \/ 330 \/ 440 Comprimento: 280 \/ 330 \/ 500 \/ 630<\/p>\n","protected":false},"featured_media":9351,"comment_status":"closed","ping_status":"closed","template":"","meta":[],"product_cat":[113,112],"product_tag":[575,573,569,572,571,574,570,568],"class_list":["post-4324","product","type-product","status-publish","has-post-thumbnail","hentry","product_cat-estantes","product_cat-supermercados","product_tag-armazem","product_tag-arrumacao","product_tag-estantes","product_tag-estantes-supermercado","product_tag-hipermercado","product_tag-lojas","product_tag-metalicas","product_tag-supermercado"],"yoast_head":"<!-- This site is optimized with the Yoast SEO plugin v20.1 - https:\/\/yoast.com\/wordpress\/plugins\/seo\/ -->\n<title>M\u00f3dulo Normal - Officeplan Store<\/title>\n<meta name=\"robots\" content=\"index, follow, max-snippet:-1, max-image-preview:large, max-video-preview:-1\" \/>\n<link rel=\"canonical\" href=\"https:\/\/www.b-tech.pt\/index.php\/product\/modulo-normal\/\" \/>\n<meta property=\"og:locale\" content=\"en_US\" \/>\n<meta property=\"og:type\" content=\"article\" \/>\n<meta property=\"og:title\" content=\"M\u00f3dulo Normal - Officeplan Store\" \/>\n<meta property=\"og:description\" content=\"M\u00f3dulo normal Medidas dispon\u00edveis: Altura: \u00a02000 Prateleiras: 220 \/ 330 \/ 440 Comprimento: 280 \/ 330 \/ 500 \/ 630\" \/>\n<meta property=\"og:url\" content=\"https:\/\/www.b-tech.pt\/index.php\/product\/modulo-normal\/\" \/>\n<meta property=\"og:site_name\" content=\"Officeplan Store\" \/>\n<meta property=\"article:modified_time\" content=\"2023-01-29T17:24:48+00:00\" \/>\n<meta name=\"twitter:card\" content=\"summary_large_image\" \/>\n<script type=\"application\/ld+json\" class=\"yoast-schema-graph\">{\"@context\":\"https:\/\/schema.org\",\"@graph\":[{\"@type\":\"WebPage\",\"@id\":\"https:\/\/www.b-tech.pt\/index.php\/product\/modulo-normal\/\",\"url\":\"https:\/\/www.b-tech.pt\/index.php\/product\/modulo-normal\/\",\"name\":\"M\u00f3dulo Normal - Officeplan Store\",\"isPartOf\":{\"@id\":\"https:\/\/www.b-tech.pt\/#website\"},\"datePublished\":\"2016-08-30T14:19:27+00:00\",\"dateModified\":\"2023-01-29T17:24:48+00:00\",\"breadcrumb\":{\"@id\":\"https:\/\/www.b-tech.pt\/index.php\/product\/modulo-normal\/#breadcrumb\"},\"inLanguage\":\"en-US\",\"potentialAction\":[{\"@type\":\"ReadAction\",\"target\":[\"https:\/\/www.b-tech.pt\/index.php\/product\/modulo-normal\/\"]}]},{\"@type\":\"BreadcrumbList\",\"@id\":\"https:\/\/www.b-tech.pt\/index.php\/product\/modulo-normal\/#breadcrumb\",\"itemListElement\":[{\"@type\":\"ListItem\",\"position\":1,\"name\":\"Home\",\"item\":\"https:\/\/www.b-tech.pt\/\"},{\"@type\":\"ListItem\",\"position\":2,\"name\":\"Shop\",\"item\":\"https:\/\/www.b-tech.pt\/index.php\/shop\/\"},{\"@type\":\"ListItem\",\"position\":3,\"name\":\"M\u00f3dulo Normal\"}]},{\"@type\":\"WebSite\",\"@id\":\"https:\/\/www.b-tech.pt\/#website\",\"url\":\"https:\/\/www.b-tech.pt\/\",\"name\":\"Officeplan Store\",\"description\":\"\",\"potentialAction\":[{\"@type\":\"SearchAction\",\"target\":{\"@type\":\"EntryPoint\",\"urlTemplate\":\"https:\/\/www.b-tech.pt\/?s={search_term_string}\"},\"query-input\":\"required name=search_term_string\"}],\"inLanguage\":\"en-US\"}]}<\/script>\n<!-- \/ Yoast SEO plugin. -->","yoast_head_json":{"title":"M\u00f3dulo Normal - Officeplan Store","robots":{"index":"index","follow":"follow","max-snippet":"max-snippet:-1","max-image-preview":"max-image-preview:large","max-video-preview":"max-video-preview:-1"},"canonical":"https:\/\/www.b-tech.pt\/index.php\/product\/modulo-normal\/","og_locale":"en_US","og_type":"article","og_title":"M\u00f3dulo Normal - Officeplan Store","og_description":"M\u00f3dulo normal Medidas dispon\u00edveis: Altura: \u00a02000 Prateleiras: 220 \/ 330 \/ 440 Comprimento: 280 \/ 330 \/ 500 \/ 630","og_url":"https:\/\/www.b-tech.pt\/index.php\/product\/modulo-normal\/","og_site_name":"Officeplan Store","article_modified_time":"2023-01-29T17:24:48+00:00","twitter_card":"summary_large_image","schema":{"@context":"https:\/\/schema.org","@graph":[{"@type":"WebPage","@id":"https:\/\/www.b-tech.pt\/index.php\/product\/modulo-normal\/","url":"https:\/\/www.b-tech.pt\/index.php\/product\/modulo-normal\/","name":"M\u00f3dulo Normal - Officeplan Store","isPartOf":{"@id":"https:\/\/www.b-tech.pt\/#website"},"datePublished":"2016-08-30T14:19:27+00:00","dateModified":"2023-01-29T17:24:48+00:00","breadcrumb":{"@id":"https:\/\/www.b-tech.pt\/index.php\/product\/modulo-normal\/#breadcrumb"},"inLanguage":"en-US","potentialAction":[{"@type":"ReadAction","target":["https:\/\/www.b-tech.pt\/index.php\/product\/modulo-normal\/"]}]},{"@type":"BreadcrumbList","@id":"https:\/\/www.b-tech.pt\/index.php\/product\/modulo-normal\/#breadcrumb","itemListElement":[{"@type":"ListItem","position":1,"name":"Home","item":"https:\/\/www.b-tech.pt\/"},{"@type":"ListItem","position":2,"name":"Shop","item":"https:\/\/www.b-tech.pt\/index.php\/shop\/"},{"@type":"ListItem","position":3,"name":"M\u00f3dulo Normal"}]},{"@type":"WebSite","@id":"https:\/\/www.b-tech.pt\/#website","url":"https:\/\/www.b-tech.pt\/","name":"Officeplan Store","description":"","potentialAction":[{"@type":"SearchAction","target":{"@type":"EntryPoint","urlTemplate":"https:\/\/www.b-tech.pt\/?s={search_term_string}"},"query-input":"required name=search_term_string"}],"inLanguage":"en-US"}]}},"_links":{"self":[{"href":"https:\/\/www.b-tech.pt\/index.php\/wp-json\/wp\/v2\/product\/4324","targetHints":{"allow":["GET"]}}],"collection":[{"href":"https:\/\/www.b-tech.pt\/index.php\/wp-json\/wp\/v2\/product"}],"about":[{"href":"https:\/\/www.b-tech.pt\/index.php\/wp-json\/wp\/v2\/types\/product"}],"replies":[{"embeddable":true,"href":"https:\/\/www.b-tech.pt\/index.php\/wp-json\/wp\/v2\/comments?post=4324"}],"version-history":[{"count":1,"href":"https:\/\/www.b-tech.pt\/index.php\/wp-json\/wp\/v2\/product\/4324\/revisions"}],"predecessor-version":[{"id":9350,"href":"https:\/\/www.b-tech.pt\/index.php\/wp-json\/wp\/v2\/product\/4324\/revisions\/9350"}],"wp:featuredmedia":[{"embeddable":true,"href":"https:\/\/www.b-tech.pt\/index.php\/wp-json\/wp\/v2\/media\/9351"}],"wp:attachment":[{"href":"https:\/\/www.b-tech.pt\/index.php\/wp-json\/wp\/v2\/media?parent=4324"}],"wp:term":[{"taxonomy":"product_cat","embeddable":true,"href":"https:\/\/www.b-tech.pt\/index.php\/wp-json\/wp\/v2\/product_cat?post=4324"},{"taxonomy":"product_tag","embeddable":true,"href":"https:\/\/www.b-tech.pt\/index.php\/wp-json\/wp\/v2\/product_tag?post=4324"}],"curies":[{"name":"wp","href":"https:\/\/api.w.org\/{rel}","templated":true}]}}