{"id":4519,"date":"2016-09-03T12:49:29","date_gmt":"2016-09-03T12:49:29","guid":{"rendered":"https:\/\/b-tech.pt\/?post_type=product&#038;p=4519"},"modified":"2023-01-29T17:25:26","modified_gmt":"2023-01-29T17:25:26","slug":"vs-duplo","status":"publish","type":"product","link":"https:\/\/www.b-tech.pt\/index.php\/product\/vs-duplo\/","title":{"rendered":"VS Duplo"},"content":{"rendered":"<p>Vesti\u00e1rio duplo VS Roupa suja e limpa<\/p>\n<p>Dispon\u00edveis nas medidas:<\/p>\n<p>1900x800x500<\/p>\n<p>CARACTER\u00cdSTICAS<br \/>\nPortas Refor\u00e7adas<br \/>\nDobradi\u00e7as Ocultas<br \/>\nVentila\u00e7\u00e3o Frontal<br \/>\nCada Fechadura com duas chaves<br \/>\nCabide<br \/>\nVar\u00e3o para cabides<br \/>\nToalheiro<br \/>\nSuporte para guarda chuva<br \/>\nApara-pingos<br \/>\nDispon\u00edvel em\u00a0outras cores<br \/>\nDivis\u00f3ria vertical de roupa suja e limpa<\/p>\n","protected":false},"excerpt":{"rendered":"<p>Vesti\u00e1rio duplo VS Roupa suja e limpa Dispon\u00edveis nas medidas: 1900x800x500 CARACTER\u00cdSTICAS Portas Refor\u00e7adas Dobradi\u00e7as Ocultas Ventila\u00e7\u00e3o Frontal Cada Fechadura<\/p>\n","protected":false},"featured_media":9477,"comment_status":"closed","ping_status":"closed","template":"","meta":[],"product_cat":[103,753,762,763],"product_tag":[639,621,654,649,527,636,634,651],"class_list":["post-4519","product","type-product","status-publish","has-post-thumbnail","hentry","product_cat-mobiliario","product_cat-mobiliario-de-escritorio-mobiliario","product_cat-vestiarios-mobiliario-de-escritorio-mobiliario","product_cat-vestiarios-vestiarios-mobiliario-de-escritorio-mobiliario","product_tag-balnearios","product_tag-fabrica","product_tag-metalicos","product_tag-piscina","product_tag-roupa","product_tag-roupeiros","product_tag-vestiarios","product_tag-wc"],"yoast_head":"<!-- This site is optimized with the Yoast SEO plugin v20.1 - https:\/\/yoast.com\/wordpress\/plugins\/seo\/ -->\n<title>VS Duplo - Officeplan Store<\/title>\n<meta name=\"robots\" content=\"index, follow, max-snippet:-1, max-image-preview:large, max-video-preview:-1\" \/>\n<link rel=\"canonical\" href=\"https:\/\/www.b-tech.pt\/index.php\/product\/vs-duplo\/\" \/>\n<meta property=\"og:locale\" content=\"en_US\" \/>\n<meta property=\"og:type\" content=\"article\" \/>\n<meta property=\"og:title\" content=\"VS Duplo - Officeplan Store\" \/>\n<meta property=\"og:description\" content=\"Vesti\u00e1rio duplo VS Roupa suja e limpa Dispon\u00edveis nas medidas: 1900x800x500 CARACTER\u00cdSTICAS Portas Refor\u00e7adas Dobradi\u00e7as Ocultas Ventila\u00e7\u00e3o Frontal Cada Fechadura\" \/>\n<meta property=\"og:url\" content=\"https:\/\/www.b-tech.pt\/index.php\/product\/vs-duplo\/\" \/>\n<meta property=\"og:site_name\" content=\"Officeplan Store\" \/>\n<meta property=\"article:modified_time\" content=\"2023-01-29T17:25:26+00:00\" \/>\n<meta name=\"twitter:card\" content=\"summary_large_image\" \/>\n<script type=\"application\/ld+json\" class=\"yoast-schema-graph\">{\"@context\":\"https:\/\/schema.org\",\"@graph\":[{\"@type\":\"WebPage\",\"@id\":\"https:\/\/www.b-tech.pt\/index.php\/product\/vs-duplo\/\",\"url\":\"https:\/\/www.b-tech.pt\/index.php\/product\/vs-duplo\/\",\"name\":\"VS Duplo - Officeplan Store\",\"isPartOf\":{\"@id\":\"https:\/\/www.b-tech.pt\/#website\"},\"datePublished\":\"2016-09-03T12:49:29+00:00\",\"dateModified\":\"2023-01-29T17:25:26+00:00\",\"breadcrumb\":{\"@id\":\"https:\/\/www.b-tech.pt\/index.php\/product\/vs-duplo\/#breadcrumb\"},\"inLanguage\":\"en-US\",\"potentialAction\":[{\"@type\":\"ReadAction\",\"target\":[\"https:\/\/www.b-tech.pt\/index.php\/product\/vs-duplo\/\"]}]},{\"@type\":\"BreadcrumbList\",\"@id\":\"https:\/\/www.b-tech.pt\/index.php\/product\/vs-duplo\/#breadcrumb\",\"itemListElement\":[{\"@type\":\"ListItem\",\"position\":1,\"name\":\"Home\",\"item\":\"https:\/\/www.b-tech.pt\/\"},{\"@type\":\"ListItem\",\"position\":2,\"name\":\"Shop\",\"item\":\"https:\/\/www.b-tech.pt\/index.php\/shop\/\"},{\"@type\":\"ListItem\",\"position\":3,\"name\":\"VS Duplo\"}]},{\"@type\":\"WebSite\",\"@id\":\"https:\/\/www.b-tech.pt\/#website\",\"url\":\"https:\/\/www.b-tech.pt\/\",\"name\":\"Officeplan Store\",\"description\":\"\",\"potentialAction\":[{\"@type\":\"SearchAction\",\"target\":{\"@type\":\"EntryPoint\",\"urlTemplate\":\"https:\/\/www.b-tech.pt\/?s={search_term_string}\"},\"query-input\":\"required name=search_term_string\"}],\"inLanguage\":\"en-US\"}]}<\/script>\n<!-- \/ Yoast SEO plugin. -->","yoast_head_json":{"title":"VS Duplo - Officeplan Store","robots":{"index":"index","follow":"follow","max-snippet":"max-snippet:-1","max-image-preview":"max-image-preview:large","max-video-preview":"max-video-preview:-1"},"canonical":"https:\/\/www.b-tech.pt\/index.php\/product\/vs-duplo\/","og_locale":"en_US","og_type":"article","og_title":"VS Duplo - Officeplan Store","og_description":"Vesti\u00e1rio duplo VS Roupa suja e limpa Dispon\u00edveis nas medidas: 1900x800x500 CARACTER\u00cdSTICAS Portas Refor\u00e7adas Dobradi\u00e7as Ocultas Ventila\u00e7\u00e3o Frontal Cada Fechadura","og_url":"https:\/\/www.b-tech.pt\/index.php\/product\/vs-duplo\/","og_site_name":"Officeplan Store","article_modified_time":"2023-01-29T17:25:26+00:00","twitter_card":"summary_large_image","schema":{"@context":"https:\/\/schema.org","@graph":[{"@type":"WebPage","@id":"https:\/\/www.b-tech.pt\/index.php\/product\/vs-duplo\/","url":"https:\/\/www.b-tech.pt\/index.php\/product\/vs-duplo\/","name":"VS Duplo - Officeplan Store","isPartOf":{"@id":"https:\/\/www.b-tech.pt\/#website"},"datePublished":"2016-09-03T12:49:29+00:00","dateModified":"2023-01-29T17:25:26+00:00","breadcrumb":{"@id":"https:\/\/www.b-tech.pt\/index.php\/product\/vs-duplo\/#breadcrumb"},"inLanguage":"en-US","potentialAction":[{"@type":"ReadAction","target":["https:\/\/www.b-tech.pt\/index.php\/product\/vs-duplo\/"]}]},{"@type":"BreadcrumbList","@id":"https:\/\/www.b-tech.pt\/index.php\/product\/vs-duplo\/#breadcrumb","itemListElement":[{"@type":"ListItem","position":1,"name":"Home","item":"https:\/\/www.b-tech.pt\/"},{"@type":"ListItem","position":2,"name":"Shop","item":"https:\/\/www.b-tech.pt\/index.php\/shop\/"},{"@type":"ListItem","position":3,"name":"VS Duplo"}]},{"@type":"WebSite","@id":"https:\/\/www.b-tech.pt\/#website","url":"https:\/\/www.b-tech.pt\/","name":"Officeplan Store","description":"","potentialAction":[{"@type":"SearchAction","target":{"@type":"EntryPoint","urlTemplate":"https:\/\/www.b-tech.pt\/?s={search_term_string}"},"query-input":"required name=search_term_string"}],"inLanguage":"en-US"}]}},"_links":{"self":[{"href":"https:\/\/www.b-tech.pt\/index.php\/wp-json\/wp\/v2\/product\/4519","targetHints":{"allow":["GET"]}}],"collection":[{"href":"https:\/\/www.b-tech.pt\/index.php\/wp-json\/wp\/v2\/product"}],"about":[{"href":"https:\/\/www.b-tech.pt\/index.php\/wp-json\/wp\/v2\/types\/product"}],"replies":[{"embeddable":true,"href":"https:\/\/www.b-tech.pt\/index.php\/wp-json\/wp\/v2\/comments?post=4519"}],"version-history":[{"count":1,"href":"https:\/\/www.b-tech.pt\/index.php\/wp-json\/wp\/v2\/product\/4519\/revisions"}],"predecessor-version":[{"id":9476,"href":"https:\/\/www.b-tech.pt\/index.php\/wp-json\/wp\/v2\/product\/4519\/revisions\/9476"}],"wp:featuredmedia":[{"embeddable":true,"href":"https:\/\/www.b-tech.pt\/index.php\/wp-json\/wp\/v2\/media\/9477"}],"wp:attachment":[{"href":"https:\/\/www.b-tech.pt\/index.php\/wp-json\/wp\/v2\/media?parent=4519"}],"wp:term":[{"taxonomy":"product_cat","embeddable":true,"href":"https:\/\/www.b-tech.pt\/index.php\/wp-json\/wp\/v2\/product_cat?post=4519"},{"taxonomy":"product_tag","embeddable":true,"href":"https:\/\/www.b-tech.pt\/index.php\/wp-json\/wp\/v2\/product_tag?post=4519"}],"curies":[{"name":"wp","href":"https:\/\/api.w.org\/{rel}","templated":true}]}}