{"id":4550,"date":"2016-09-04T00:41:08","date_gmt":"2016-09-04T00:41:08","guid":{"rendered":"https:\/\/b-tech.pt\/?post_type=product&#038;p=4550"},"modified":"2023-01-29T17:25:30","modified_gmt":"2023-01-29T17:25:30","slug":"15-cacifos","status":"publish","type":"product","link":"https:\/\/www.b-tech.pt\/index.php\/product\/15-cacifos\/","title":{"rendered":"15 Cacifos"},"content":{"rendered":"<p>Vesti\u00e1rio 15 Cacifos<\/p>\n<p>Estrutura met\u00e1lica em chapa de a\u00e7o com 8mm e pintura a epoxy<\/p>\n<p>Dispon\u00edveis nas medidas:<\/p>\n<p>1900x900x500 cinza<\/p>\n<p>CARACTER\u00cdSTICAS<br \/>\nPortas Refor\u00e7adas<br \/>\nDobradi\u00e7as Ocultas<br \/>\nVentila\u00e7\u00e3o Frontal<br \/>\nCada Fechadura com duas chaves<br \/>\nDispon\u00edvel em\u00a0outras cores<\/p>\n","protected":false},"excerpt":{"rendered":"<p>Vesti\u00e1rio 15 Cacifos Estrutura met\u00e1lica em chapa de a\u00e7o com 8mm e pintura a epoxy Dispon\u00edveis nas medidas: 1900x900x500 cinza<\/p>\n","protected":false},"featured_media":9489,"comment_status":"closed","ping_status":"closed","template":"","meta":[],"product_cat":[103,753,762,763],"product_tag":[639,635,638,621,640,655,527,636,634],"class_list":["post-4550","product","type-product","status-publish","has-post-thumbnail","hentry","product_cat-mobiliario","product_cat-mobiliario-de-escritorio-mobiliario","product_cat-vestiarios-mobiliario-de-escritorio-mobiliario","product_cat-vestiarios-vestiarios-mobiliario-de-escritorio-mobiliario","product_tag-balnearios","product_tag-cacifos","product_tag-empregados","product_tag-fabrica","product_tag-ginasio","product_tag-np1116","product_tag-roupa","product_tag-roupeiros","product_tag-vestiarios"],"yoast_head":"<!-- This site is optimized with the Yoast SEO plugin v20.1 - https:\/\/yoast.com\/wordpress\/plugins\/seo\/ -->\n<title>15 Cacifos - Officeplan Store<\/title>\n<meta name=\"robots\" content=\"index, follow, max-snippet:-1, max-image-preview:large, max-video-preview:-1\" \/>\n<link rel=\"canonical\" href=\"https:\/\/www.b-tech.pt\/index.php\/product\/15-cacifos\/\" \/>\n<meta property=\"og:locale\" content=\"en_US\" \/>\n<meta property=\"og:type\" content=\"article\" \/>\n<meta property=\"og:title\" content=\"15 Cacifos - Officeplan Store\" \/>\n<meta property=\"og:description\" content=\"Vesti\u00e1rio 15 Cacifos Estrutura met\u00e1lica em chapa de a\u00e7o com 8mm e pintura a epoxy Dispon\u00edveis nas medidas: 1900x900x500 cinza\" \/>\n<meta property=\"og:url\" content=\"https:\/\/www.b-tech.pt\/index.php\/product\/15-cacifos\/\" \/>\n<meta property=\"og:site_name\" content=\"Officeplan Store\" \/>\n<meta property=\"article:modified_time\" content=\"2023-01-29T17:25:30+00:00\" \/>\n<meta name=\"twitter:card\" content=\"summary_large_image\" \/>\n<script type=\"application\/ld+json\" class=\"yoast-schema-graph\">{\"@context\":\"https:\/\/schema.org\",\"@graph\":[{\"@type\":\"WebPage\",\"@id\":\"https:\/\/www.b-tech.pt\/index.php\/product\/15-cacifos\/\",\"url\":\"https:\/\/www.b-tech.pt\/index.php\/product\/15-cacifos\/\",\"name\":\"15 Cacifos - Officeplan Store\",\"isPartOf\":{\"@id\":\"https:\/\/www.b-tech.pt\/#website\"},\"datePublished\":\"2016-09-04T00:41:08+00:00\",\"dateModified\":\"2023-01-29T17:25:30+00:00\",\"breadcrumb\":{\"@id\":\"https:\/\/www.b-tech.pt\/index.php\/product\/15-cacifos\/#breadcrumb\"},\"inLanguage\":\"en-US\",\"potentialAction\":[{\"@type\":\"ReadAction\",\"target\":[\"https:\/\/www.b-tech.pt\/index.php\/product\/15-cacifos\/\"]}]},{\"@type\":\"BreadcrumbList\",\"@id\":\"https:\/\/www.b-tech.pt\/index.php\/product\/15-cacifos\/#breadcrumb\",\"itemListElement\":[{\"@type\":\"ListItem\",\"position\":1,\"name\":\"Home\",\"item\":\"https:\/\/www.b-tech.pt\/\"},{\"@type\":\"ListItem\",\"position\":2,\"name\":\"Shop\",\"item\":\"https:\/\/www.b-tech.pt\/index.php\/shop\/\"},{\"@type\":\"ListItem\",\"position\":3,\"name\":\"15 Cacifos\"}]},{\"@type\":\"WebSite\",\"@id\":\"https:\/\/www.b-tech.pt\/#website\",\"url\":\"https:\/\/www.b-tech.pt\/\",\"name\":\"Officeplan Store\",\"description\":\"\",\"potentialAction\":[{\"@type\":\"SearchAction\",\"target\":{\"@type\":\"EntryPoint\",\"urlTemplate\":\"https:\/\/www.b-tech.pt\/?s={search_term_string}\"},\"query-input\":\"required name=search_term_string\"}],\"inLanguage\":\"en-US\"}]}<\/script>\n<!-- \/ Yoast SEO plugin. -->","yoast_head_json":{"title":"15 Cacifos - Officeplan Store","robots":{"index":"index","follow":"follow","max-snippet":"max-snippet:-1","max-image-preview":"max-image-preview:large","max-video-preview":"max-video-preview:-1"},"canonical":"https:\/\/www.b-tech.pt\/index.php\/product\/15-cacifos\/","og_locale":"en_US","og_type":"article","og_title":"15 Cacifos - Officeplan Store","og_description":"Vesti\u00e1rio 15 Cacifos Estrutura met\u00e1lica em chapa de a\u00e7o com 8mm e pintura a epoxy Dispon\u00edveis nas medidas: 1900x900x500 cinza","og_url":"https:\/\/www.b-tech.pt\/index.php\/product\/15-cacifos\/","og_site_name":"Officeplan Store","article_modified_time":"2023-01-29T17:25:30+00:00","twitter_card":"summary_large_image","schema":{"@context":"https:\/\/schema.org","@graph":[{"@type":"WebPage","@id":"https:\/\/www.b-tech.pt\/index.php\/product\/15-cacifos\/","url":"https:\/\/www.b-tech.pt\/index.php\/product\/15-cacifos\/","name":"15 Cacifos - Officeplan Store","isPartOf":{"@id":"https:\/\/www.b-tech.pt\/#website"},"datePublished":"2016-09-04T00:41:08+00:00","dateModified":"2023-01-29T17:25:30+00:00","breadcrumb":{"@id":"https:\/\/www.b-tech.pt\/index.php\/product\/15-cacifos\/#breadcrumb"},"inLanguage":"en-US","potentialAction":[{"@type":"ReadAction","target":["https:\/\/www.b-tech.pt\/index.php\/product\/15-cacifos\/"]}]},{"@type":"BreadcrumbList","@id":"https:\/\/www.b-tech.pt\/index.php\/product\/15-cacifos\/#breadcrumb","itemListElement":[{"@type":"ListItem","position":1,"name":"Home","item":"https:\/\/www.b-tech.pt\/"},{"@type":"ListItem","position":2,"name":"Shop","item":"https:\/\/www.b-tech.pt\/index.php\/shop\/"},{"@type":"ListItem","position":3,"name":"15 Cacifos"}]},{"@type":"WebSite","@id":"https:\/\/www.b-tech.pt\/#website","url":"https:\/\/www.b-tech.pt\/","name":"Officeplan Store","description":"","potentialAction":[{"@type":"SearchAction","target":{"@type":"EntryPoint","urlTemplate":"https:\/\/www.b-tech.pt\/?s={search_term_string}"},"query-input":"required name=search_term_string"}],"inLanguage":"en-US"}]}},"_links":{"self":[{"href":"https:\/\/www.b-tech.pt\/index.php\/wp-json\/wp\/v2\/product\/4550","targetHints":{"allow":["GET"]}}],"collection":[{"href":"https:\/\/www.b-tech.pt\/index.php\/wp-json\/wp\/v2\/product"}],"about":[{"href":"https:\/\/www.b-tech.pt\/index.php\/wp-json\/wp\/v2\/types\/product"}],"replies":[{"embeddable":true,"href":"https:\/\/www.b-tech.pt\/index.php\/wp-json\/wp\/v2\/comments?post=4550"}],"version-history":[{"count":1,"href":"https:\/\/www.b-tech.pt\/index.php\/wp-json\/wp\/v2\/product\/4550\/revisions"}],"predecessor-version":[{"id":9488,"href":"https:\/\/www.b-tech.pt\/index.php\/wp-json\/wp\/v2\/product\/4550\/revisions\/9488"}],"wp:featuredmedia":[{"embeddable":true,"href":"https:\/\/www.b-tech.pt\/index.php\/wp-json\/wp\/v2\/media\/9489"}],"wp:attachment":[{"href":"https:\/\/www.b-tech.pt\/index.php\/wp-json\/wp\/v2\/media?parent=4550"}],"wp:term":[{"taxonomy":"product_cat","embeddable":true,"href":"https:\/\/www.b-tech.pt\/index.php\/wp-json\/wp\/v2\/product_cat?post=4550"},{"taxonomy":"product_tag","embeddable":true,"href":"https:\/\/www.b-tech.pt\/index.php\/wp-json\/wp\/v2\/product_tag?post=4550"}],"curies":[{"name":"wp","href":"https:\/\/api.w.org\/{rel}","templated":true}]}}